- 11?
1010010011111110000000
In base 15, what is 97d9 - 31ea?
65de
In base 16, what is -5bc48e - -1?
-5bc48d
In base 9, what is -4 + 46478563?
46478558
In base 9, what is -21563 - -20543?
-1020
In base 6, what is -43 + -1533132?
-1533215
In base 5, what is -10331 - 33104401?
-33120232
In base 12, what is 615 - -10980?
11395
In base 3, what is -10 + -21201211022000?
-21201211022010
In base 4, what is 311120 - -3102?
320222
In base 3, what is -1102221102012 - -12102?
-1102221012210
In base 12, what is -140 + 10a2?
b62
In base 14, what is 2d487 - -1005?
3048c
In base 8, what is 147001611 + -47?
147001542
In base 16, what is 2 - -73cdb9?
73cdbb
In base 6, what is 20322254 - 33?
20322221
In base 14, what is -154 + -15d3d?
-16093
In base 16, what is dc - 10165?
-10089
In base 16, what is 59efcc + -2?
59efca
In base 15, what is 5 + -66170?
-6616a
In base 7, what is 20330102451 - 5?
20330102443
In base 4, what is 122310120131220 - -10?
122310120131230
In base 2, what is 10011100001110110 - 111110?
10011100000111000
In base 13, what is 59 + -66c05?
-66b79
In base 6, what is 4135004 - 24?
4134540
In base 2, what is 110100111100100110000110 - -11?
110100111100100110001001
In base 2, what is -1010101101010001 + -11010100101?
-1011000111110110
In base 12, what is -48aaa32 - -9?
-48aaa25
In base 14, what is -b9584a - 4?
-b95850
In base 4, what is -120131 - -33101101?
32320310
In base 4, what is -223233300 + -132?
-223300032
In base 11, what is -11a10a4 + -22?
-11a1116
In base 6, what is 10020 + 434141?
444201
In base 13, what is 487 + -5575b?
-552a4
In base 9, what is -121386 + 2080?
-118306
In base 14, what is 0 - cb55a8?
-cb55a8
In base 15, what is -e4c0 + -16?
-e4d6
In base 3, what is 2 + -22220201112200102?
-22220201112200100
In base 6, what is 3454151025 - 0?
3454151025
In base 5, what is 10242422 - 3014?
10234403
In base 3, what is 1210020221 + 1122022?
1211220020
In base 15, what is -b9734 + -29?
-b975d
In base 16, what is -2f - -66d072?
66d043
In base 5, what is -424440 + 221?
-424214
In base 10, what is 63453 - 160?
63293
In base 5, what is 0 - -420132430?
420132430
In base 14, what is -dc - 8d133?
-8d231
In base 10, what is 79535 - -25?
79560
In base 3, what is -21221110120201 + -2?
-21221110120210
In base 8, what is 1 + -1225333427?
-1225333426
In base 4, what is 23200133010 + 110?
23200133120
In base 3, what is -100200001210211 + 112?
-100200001210022
In base 10, what is -1412699 + -36?
-1412735
In base 12, what is 62b7 + -a73?
5444
In base 2, what is 11111100 - 10101011001000?
-10100111001100
In base 15, what is ad15b0 + -3?
ad15ac
In base 2, what is -10010011100 - -1011011001?
-111000011
In base 10, what is 2 + 12305537?
12305539
In base 12, what is b58 - -339?
1295
In base 15, what is -164 - 236cb?
-23840
In base 5, what is 4023444 + -3202?
4020242
In base 12, what is 5 + -1aa642?
-1aa639
In base 15, what is -1cbc + -354?
-2121
In base 16, what is 97b + 1564?
1edf
In base 9, what is -1158763 - 0?
-1158763
In base 2, what is 11 + -110111000011110111001001?
-110111000011110111000110
In base 12, what is a73 - -311?
1184
In base 9, what is -3 - 281863081?
-281863084
In base 5, what is -104104213 + -13?
-104104231
In base 13, what is 22a5 + bb?
2393
In base 14, what is -18dbcdd - -6?
-18dbcd7
In base 2, what is 1010 + -1101010111010100110?
-1101010111010011100
In base 9, what is 18703343 + -1?
18703342
In base 12, what is -9 + -48856?
-48863
In base 4, what is -31222023 + -3312302?
-101200331
In base 10, what is 270 - -45609?
45879
In base 3, what is -101221 + 2002000020100?
2001222211102
In base 7, what is 41615 - 1006?
40606
In base 16, what is -7767b + -1b?
-77696
In base 13, what is -235 - 21c65a?
-21c892
In base 16, what is -13434 + 10b2?
-12382
In base 13, what is -11 + 19175?
19164
In base 12, what is -2a189 + 24b?
-29b3a
In base 14, what is -d6 - 2396?
-248c
In base 9, what is -1671 + -100277?
-102058
In base 7, what is -534265 + 201?
-534064
In base 12, what is -1 - 579b5b1?
-579b5b2
In base 3, what is -110 - -2122001021222?
2122001021112
In base 4, what is -13302201333231 + 3?
-13302201333222
In base 10, what is -470 - -10844?
10374
In base 12, what is -9 - 3473389?
-3473396
In base 6, what is 1345122141 - -3?
1345122144
In base 3, what is 1212202002020111 - -12?
1212202002020200
In base 13, what is -6054640 + 3?
-605463a
In base 15, what is 2a9 + 50ce8?
510a2
In base 4, what is -23132001 - 103?
-23132110
In base 16, what is eb8d + 5b?
ebe8
In base 9, what is 1 + -1104250?
-1104248
In base 9, what is 200760536 - -2?
200760538
In base 9, what is -4 - 21161117?
-21161122
In base 16, what is 3b05 + 1d?
3b22
In base 12, what is 135 + -31549b2?
-3154879
In base 13, what is -486a - 524?
-5091
In base 11, what is -3659 - 4904?
-8462
In base 6, what is 1003305 - -125124?
1132433
In base 6, what is -1131040 - 1401?
-1132441
In base 5, what is -1 - -1220310400431?
1220310400430
In base 5, what is -20 - 30341143202?
-30341143222
In base 12, what is -1 - 161893b?
-1618940
In base 15, what is 5 - 2bc534?
-2bc52e
In base 5, what is 3 + 402242300?
402242303
In base 11, what is 193a058 + -201?
1939957
In base 10, what is -10083 - -12561?
2478
In base 15, what is 3233 - -342d?
6661
In base 13, what is 6a34b + -19?
6a332
In base 14, what is 11 - 48325a?
-483249
In base 13, what is -64370 + 43?
-6432a
In base 7, what is 1 + -24300364?
-24300363
In base 9, what is 20 + 21604164?
21604184
In base 5, what is -2 - -133141413222?
133141413220
In base 4, what is -1 + 10332231213323?
10332231213322
In base 14, what is -14 - 64ccca?
-64cd00
In base 8, what is 2 + -11524631?
-11524627
In base 16, what is a + -360344?
-36033a
In base 15, what is 142b + 2bc?
16e8
In base 3, what is 120201110201210 - -2?
120201110201212
In base 5, what is -1113440423 + -4?
-1113440432
In base 16, what is 76afb7 + a?
76afc1
In base 10, what is 488 + -1090090?
-1089602
In base 14, what is 49 - 493a9?
-49360
In base 4, what is 2 - 200131022?
-200131020
In base 9, what is -100503 - -23?
-100470
In base 7, what is -1 + -6406302?
-6406303
In base 7, what is -52041 - 456?
-52530
In base 16, what is 1540 - 2647?
-1107
In base 2, what is 10001110111011011010000011100 + 10?
10001110111011011010000011110
In base 11, what is 6 - -6787764?
678776a
In base 7, what is -10 + -140535306?
-140535316
In base 3, what is -1222212 - -22001020010?
21222020021
In base 7, what is -415521 + 13533?
-401655
In base 4, what is 103 + 323131332131?
323131332300
In base 10, what is 23111 - -54?
23165
In base 14, what is -b0d69a5 + 4?
-b0d69a1
In base 14, what is -287 - -1793?
150a
In base 8, what is -5 - 40456500?
-40456505
In base 4, what is -2200212 - -11202?
-2123010
In base 6, what is -15450004 - -100?
-15445504
In base 5, what is 3 - -10304131210?
10304131213
In base 4, what is 110223223021 + 3?
110223223030
In base 9, what is 65657722 - -3?
65657725
In base 8, what is 2 - 45206711?
-45206707
In base 12, what is b410385 - 2?
b410383
In base 5, what is -32002340034 + -3?
-32002340042
In base 2, what is 110101010001001001010 + -1000?
110101010001001000010
In base 8, what is -211063 + 431?
-210432
In base 14, what is -98 - 26dd1?
-27089
In base 7, what is -121634014 - 1?
-121634015
In base 13, what is 7918 - 8395?
-77a
In base 2, what is 10100100101000101001101001111 + 0?
10100100101000101001101001111
In base 14, what is -4 - -200712?
20070c
In base 12, what is -a28 - -496?
-552
In base 4, what is 132013 - 212323?
-20310
In base 7, what is 14211 + 142615?
160126
In base 9, what is 14 + -23373288?
-23373274
In base 5, what is 3133011044 + 31?
3133011130
In base 16, what is -1b0f3 - -e7?
-1b00c
In base 9, what is -3785467 + 2?
-3785465
In base 3, what is 1000010 - -110220212?
111220222
In base 16, what is 46bfabe9 - -2?
46bfabeb
In base 13, what is -72 - 23ba9?
-23c4b
In base 9, what is -5776435 + 2?
-5776433
In base 9, what is -80 - -1581785?
1581705
In base 4, what is -30 - -12031022332?
12031022302
In base 8, what is 22165 - -142?
22327
In base 16, what is 2 + 1f1fa0e?
1f1fa10
In base 14, what is 32901a + 70?
32908a
In base 6, what is -3 + 1021254152?
1021254145
In base 8, what is -706074 - -5165?
-700707
In base 7, what is -1135331 + -62?
-1135423
In base 12, what is -27b782 + b?
-27b773
In base 4, what is 